j**3 + 14*j**2 + 3*j - 41. Determine l(14).
1
Let c(v) = v**2 + 20*v + 14. Determine c(-16).
-50
Let l(g) = g**3 + 3*g**2 - 75*g - 13. Calculate l(-10).
37
Let u(n) = -n**2 - 32*n - 248. Calculate u(-17).
7
Let v(t) = t**3 - 35*t**2 - 39*t + 79. Determine v(36).
-29
Let r(s) = 2*s**2 + 2*s - 3. Give r(3).
21
Let h(f) = -f - 16. What is h(5)?
-21
Let l(r) = 5*r + 16. Give l(-9).
-29
Let o(x) = 2*x - 9. Give o(11).
13
Let l(x) = x**3 - 26*x**2 + 45*x + 78. What is l(24)?
6
Let o(b) = b**3 + 10*b**2 + 10*b + 8. Give o(-9).
-1
Let z(x) = 14*x**2 - 2*x - 3. Calculate z(-1).
13
Let u(z) = -z**2 - 13*z - 30. Determine u(-12).
-18
Let p(g) = 3*g**2 + 4*g - 12. What is p(-5)?
43
Let o(u) = u - 2. Calculate o(-14).
-16
Let z(i) = -25*i - 260. Calculate z(-10).
-10
Let t(n) = n - 3. Determine t(7).
4
Let m(v) = -6*v + 37. Determine m(11).
-29
Let l(v) = -2*v - 9. What is l(10)?
-29
Let w(h) = -3*h + 7. Calculate w(-3).
16
Let b(n) = -6*n + 146. Calculate b(27).
-16
Let j(n) = -n**2 - 17*n - 20. Determine j(-15).
10
Let b(o) = -o**2 - 8*o + 13. Give b(-6).
25
Let x(k) = -8*k**2 + 9*k + 7. Determine x(-1).
-10
Let d(k) = -3*k + 5. What is d(5)?
-10
Let b(p) = -6*p**2 + 295*p - 53. What is b(49)?
-4
Let b(d) = d**2 - 3*d + 14. Give b(5).
24
Let q(g) = -g**2 - 25*g + 5. Give q(-26).
-21
Let j(z) = 4*z - 5. Give j(4).
11
Let c(g) = g**2 - 9*g + 19. Give c(6).
1
Let b(l) = -l**3 + 3*l**2 + 2*l - 3. Determine b(2).
5
Let l(o) = o**3 - o**2 - 77*o - 43. What is l(-8)?
-3
Let n(z) = -2*z**2 - z + 12. Calculate n(-6).
-54
Let l(k) = 38*k + 69. What is l(-2)?
-7
Let v(i) = i**3 - 7*i**2 + 7*i - 9. What is v(6)?
-3
Let r(y) = -13*y - 150. Give r(-12).
6
Let m(y) = 28*y**2 + 2*y - 2. What is m(1)?
28
Let d(g) = g**2 - 10*g + 4. What is d(10)?
4
Let u(h) = -h - 3. What is u(-1)?
-2
Let q(w) = w**3 + 9*w**2 + 7*w + 7. Calculate q(-8).
15
Let m(f) = -f**3 + 60*f**2 + 59*f + 124. Calculate m(61).
2
Let d(y) = -y**2 + 10*y - 1. Give d(4).
23
Let z(s) = -s**3 - 40*s**2 - 145*s - 52. Calculate z(-36).
-16
Let l(n) = -n**3 + 16*n**2 - 21*n + 102. What is l(15)?
12
Let f(o) = -3*o - 13. Give f(-7).
8
Let l(t) = -t**3 - 7*t**2 - 7*t + 9. Determine l(-6).
15
Let v(n) = 23*n - 179. Determine v(7).
-18
Let i(w) = -w - 8. Calculate i(-3).
-5
Let j(a) = -a**3 + 8*a**2 + 15*a - 14. Calculate j(9).
40
Let x(k) = 3*k**2 - 13. Calculate x(3).
14
Let j(i) = 6*i**2 - i + 3. What is j(3)?
54
Let y(x) = -x**2 + 15*x + 9. Calculate y(15).
9
Let k(d) = 2*d**3 + d**2 - 2*d - 2. Calculate k(-2).
-10
Let q(g) = g**2 - 6*g - 3. What is q(7)?
4
Let o(t) = 2*t**2 + 11*t - 3. Calculate o(4).
73
Let n(s) = 2*s**3 + s**2 + s + 3. Determine n(3).
69
Let n(j) = -4*j**2 - 13*j - 15. What is n(-4)?
-27
Let g(t) = 36*t**3 - t. Calculate g(-1).
-35
Let a(i) = -i**2 + 13*i + 47. Give a(16).
-1
Let h(g) = -g + 8. Determine h(7).
1
Let t(s) = 3*s**3 + 4*s**2 - 3*s. Calculate t(2).
34
Let z(u) = -4*u. Give z(7).
-28
Let u(a) = 15*a**3 - 2*a**2 + 1. Give u(1).
14
Let u(a) = 12*a - 104. What is u(6)?
-32
Let w(z) = z + 7. Calculate w(1).
8
Let u(x) = -7*x**3 - 78*x**2 - 11*x - 8. Determine u(-11).
-8
Let f(w) = -7*w**2 - 67*w + 36. Calculate f(-10).
6
Let q(x) = -3*x**2 - 9*x - 5. Calculate q(-4).
-17
Let n(b) = b**2 - 8*b - 8. Give n(9).
1
Let h(n) = -n**2 - 2*n - 2. Give h(-1).
-1
Let v(l) = 3*l**2 - 53*l + 30. Determine v(18).
48
Let z(t) = 5*t + 8. Calculate z(0).
8
Let g(b) = -2*b**3 - 5*b**2 + 5*b + 9. Give g(-4).
37
Let d(y) = y**3 - 6*y**2 - 31*y + 177. What is d(5)?
-3
Let s(g) = 3*g**2 - 11*g - 1. Calculate s(6).
41
Let d(w) = -2*w**3 + w**2 + w + 49. Give d(0).
49
Let i(s) = -s**2 + 2*s + 10. Give i(7).
-25
Let g(t) = -36*t + 532. Give g(15).
-8
Let w(o) = -2*o - 27. Calculate w(-12).
-3
Let w(o) = o**2 + 27*o + 187. What is w(-18)?
25
Let u(t) = t**2 - 28. Determine u(0).
-28
Let d(t) = t**2 + 29*t + 110. What is d(-5)?
-10
Let r(i) = 17*i + 1. Give r(1).
18
Let h(b) = -26*b - 7. Give h(-2).
45
Let g(f) = f**2 + 25*f + 52. What is g(-22)?
-14
Let j(k) = -k**2 + k + 17. Give j(0).
17
Let p(b) = -4*b**3 - 2*b**2 + b + 2. Determine p(-2).
24
Let s(n) = -n**2 - 4*n - 4. Calculate s(-2).
0
Let w(b) = -b - 8. Calculate w(0).
-8
Let g(l) = -l**2 - 32*l - 29. Calculate g(-29).
58
Let z(g) = -g**2 - 23*g - 22. Determine z(-22).
0
Let w(k) = -k**3 + 4*k**2 + k + 5. Calculate w(5).
-15
Let d(l) = -l - 15. Calculate d(-6).
-9
Let c(n) = n**2 - 221*n - 664. Calculate c(-3).
8
Let d(b) = b**3 - 5*b**2 + 4*b - 1. Give d(3).
-7
Let d(t) = -t**2 - 25*t - 104. What is d(-16)?
40
Let o(y) = -9*y + 106. Give o(11).
7
Let g(f) = -f**2 - 5*f + 4. Calculate g(-5).
4
Let d(i) = -i**3 + 11*i**2 + 2*i + 11. Determine d(10).
131
Let t(d) = -14*d - 191. Give t(-13).
-9
Let d(n) = -n + 11. Calculate d(5).
6
Let w(o) = -13*o**3 + 2*o**2 - 5*o + 4. What is w(1)?
-12
Let m(l) = l - 18. Calculate m(14).
-4
Let n(b) = b**2 - 103*b + 395. Give n(4).
-1
Let b(l) = -3*l - 136. What is b(-43)?
-7
Let d(x) = -x**3 + 2*x**2 + 6*x - 3. Give d(4).
-11
Let h(i) = 20*i - 98. What is h(8)?
62
Let i(v) = -2*v**2 - 12*v + 11. Calculate i(-7).
-3
Let q(l) = 102*l**2 - 5*l + 5. Give q(1).
102
Let g(s) = -10*s - 18. Give g(0).
-18
Let a(r) = 2*r**2 + r - 14. Determine a(0).
-14
Let m(y) = -y**3 + 4*y**2 - 2*y + 3. Give m(3).
6
Let y(v) = -v**3 + 5*v**2 + 6*v + 4. Determine y(6).
4
Let x(p) = 2*p**3 + 4*p**2 - 5*p + 3. Calculate x(-3).
0
Let o(j) = 43*j**2 - 2*j - 1. Give o(-1).
44
Let i(x) = -2*x**2 + 9*x - 4. Determine i(7).
-39
Let m(b) = b**2 - 17*b + 67. Calculate m(12).
7
Let w(f) = -f**3 - 3*f**2 + 2*f - 9. Determine w(-4).
-1
Let s(o) = 9*o + 4. Determine s(8).
76
Let p(r) = -r**2 + 11*r + 1. Determine p(8).
25
Let k(o) = 4*o. Give k(8).
32
Let a(z) = z**2 - 17*z + 42. Give a(11).
-24
Let z(r) = r**2 - 7*r + 4. Give z(8).
12
Let m(b) = -b**2 + 6*b - 22. What is m(5)?
-17
Let z(j) = j**2 + 4*j + 7. Determine z(-5).
12
Let h(f) = -2*f**2 + 4*f - 2. What is h(2)?
-2
Let k(d) = 65*d - 2. What is k(-1)?
-67
Let k(g) = -7*g**2 - 5*g + 12. Determine k(-3).
-36
Let h(c) = -c**3 - 6*c**2 - 4*c + 4. What is h(-3)?
-11
Let p(y) = 5*y + 10. Give p(1).
15
Let p(d) = d. Calculate p(2).
2
Let a(k) = k**2 - 37*k + 117. Calculate a(34).
15
Let v(d) = 5*d - 39. Give v(9).
6
Let u(c) = 19*c - 2. Give u(2).
36
Let f(z) = 12*z + 141. Give f(-12).
-3
Let z(w) = -w**3 + 12*w**2 + 7*w + 9. Determine z(12).
93
Let b(m) = 6*m + 10. Determine b(-4).
-14
Let v(t) = -t**2 + 4*t + 7. Calculate v(5).
2
Let k(f) = -4*f**3 + 2*f**2 + f. Determine k(-1).
5
Let x(p) = -7*p + 7. Give x(5).
-28
Let r(z) = -z**3 - 16*z**2 + 55*z - 34. Give r(-19).
4
Let r(m) = m**2 - 2*m + 13. What is r(6)?
37
Let v(i) = i**3 + 6*i**2 + 5*i + 5. Give v(-6).
-25
Let i(q) = q**3 - 13*q**2 - 9*q - 86. Determine i(14).
-16
Let s(m) = m**2 + 18*m + 23. Determine s(-17).
6
Let x(b) = -b**2 + 9*b - 5. Calculate x(7).
9
Let a(f) = -43*f - 129. Give a(-3).
0
Let l(z) = z**3 - 7*z**2 + z - 6. What is l(7)?
1
Let x(r) = -r**3 - 4*r**2 + 4. Calculate x(-3).
-5
Let o(g) = g**2 - g - 2. Calculate o(2).
0
Let s(c) = 11*c - 184. Determine s(13).
-41
Let a(b) = -b**2 - 68*b + 372. Give a(5).
7
Let n(q) = 3*q - 11. What is n(11)?
22
Let w(c) = -4*c - 23. Determine w(-11).
21
Let i(d) = 2*d**3 - 2*d**2 + d - 1. Give i(4).
99
Let u(p) = -p**3 - 38*p**2 - 38*p - 38. Calculate u(-37).
-1
Let o(h) = -h**3 + 2*h**2 + 30. What is o(4)?
-2
Let a(s) = -s**2 + 3*s + 9. What is a(4)?
5
Let v(k) = -k**2 - 20*k - 13. Calculate v(-19).
6
Let h(u) = -u**2 + u - 20. Give h(0).
-20
Let r(w) = -38*w - 121. What is r(-4)?
31
Let x(y) = 71*y**3 + y**2 - y + 1. Determine x(1).
72
Let m(i) = -i**3 - 19*i**2 - 2*i - 28. What is m(-19)?
10
Let c(y) = -y**2 - 11*y - 9. Give c(-2).
9
Let w(o) = -2*o**3 + 8*o**2 - 6*o + 7. What is w(3)?
7
Let q(t) = -t**3 + 6*t**2 + 39*t + 12. Calculate q(10).
2
Let w(g) = g**3 - 6*g**2 + 6*g - 9. Give w(5).
-4
Let f(h) = -13*h + 5. Give f(-4).
57
Let c(h) = 80*h - 106. Give c(2).
54
Let t(l) = 2*l + 1. What is t(1)?
3
Let v(z) = -z**3 + 12*z**2 + z + 25. What is v(12)?
37
Let q(h) = h**3 - 14*h**2 + 24*h + 12. Give q(12).
12
Let q(g) = g**3 - 5*g**2 + 3*g - 5. What is q(4)?
-9
Let t(b) = -3*b**3 + 3*b**2 - 2*b + 1. What is t(3)?
-59
Let s(m) = 2*m**2 - 6*m - 5. Calculate s(5).
15
Let o(s) = 34*s + 166